{"version":"1.0","provider_name":"Africa Defense Forum","provider_url":"https:\/\/adf-magazine.com\/fr\/","title":"Un Bastion Contre L\u2019extr\u00e9misme - Africa Defense Forum","type":"rich","width":600,"height":338,"html":"<blockquote class=\"wp-embedded-content\" data-secret=\"J2PuBVY1gm\"><a href=\"https:\/\/adf-magazine.com\/fr\/2025\/08\/un-bastion-contre-lextremisme\/\">Un Bastion Contre L\u2019extr\u00e9misme<\/a><\/blockquote><iframe sandbox=\"allow-scripts\" security=\"restricted\" src=\"https:\/\/adf-magazine.com\/fr\/2025\/08\/un-bastion-contre-lextremisme\/embed\/#?secret=J2PuBVY1gm\" width=\"600\" height=\"338\" title=\"\u00ab\u00a0Un Bastion Contre L\u2019extr\u00e9misme\u00a0\u00bb &#8212; Africa Defense Forum\" data-secret=\"J2PuBVY1gm\" frameborder=\"0\" marginwidth=\"0\" marginheight=\"0\" scrolling=\"no\" class=\"wp-embedded-content\"><\/iframe><script type=\"text\/javascript\">\n\/* <![CDATA[ *\/\n\/*! This file is auto-generated *\/\n!function(d,l){\"use strict\";l.querySelector&&d.addEventListener&&\"undefined\"!=typeof URL&&(d.wp=d.wp||{},d.wp.receiveEmbedMessage||(d.wp.receiveEmbedMessage=function(e){var t=e.data;if((t||t.secret||t.message||t.value)&&!\/[^a-zA-Z0-9]\/.test(t.secret)){for(var s,r,n,a=l.querySelectorAll('iframe[data-secret=\"'+t.secret+'\"]'),o=l.querySelectorAll('blockquote[data-secret=\"'+t.secret+'\"]'),c=new RegExp(\"^https?:$\",\"i\"),i=0;i<o.length;i++)o[i].style.display=\"none\";for(i=0;i<a.length;i++)s=a[i],e.source===s.contentWindow&&(s.removeAttribute(\"style\"),\"height\"===t.message?(1e3<(r=parseInt(t.value,10))?r=1e3:~~r<200&&(r=200),s.height=r):\"link\"===t.message&&(r=new URL(s.getAttribute(\"src\")),n=new URL(t.value),c.test(n.protocol))&&n.host===r.host&&l.activeElement===s&&(d.top.location.href=t.value))}},d.addEventListener(\"message\",d.wp.receiveEmbedMessage,!1),l.addEventListener(\"DOMContentLoaded\",function(){for(var e,t,s=l.querySelectorAll(\"iframe.wp-embedded-content\"),r=0;r<s.length;r++)(t=(e=s[r]).getAttribute(\"data-secret\"))||(t=Math.random().toString(36).substring(2,12),e.src+=\"#?secret=\"+t,e.setAttribute(\"data-secret\",t)),e.contentWindow.postMessage({message:\"ready\",secret:t},\"*\")},!1)))}(window,document);\n\/\/# sourceURL=https:\/\/adf-magazine.com\/wp-includes\/js\/wp-embed.min.js\n\/* ]]> *\/\n<\/script>\n","thumbnail_url":"https:\/\/adf-magazine.com\/wp-content\/uploads\/2025\/08\/Resiliency_906622338_CMYK.jpg","thumbnail_width":1080,"thumbnail_height":721,"description":"La terreur est arriv\u00e9e au B\u00e9nin en 2019. Des extr\u00e9mistes bas\u00e9s au Sahel ont surgi du parc national de la Pendjari et enlev\u00e9 deux touristes fran\u00e7ais et leur guide. Depuis lors, une vague d\u2019incursions d\u00e9ferle sur le pays et s\u2019intensifie chaque ann\u00e9e. Le B\u00e9nin a d\u00e9ploy\u00e9 3.000 soldats au Nord du pays dans le cadre"}

Un Bastion Contre L’extrémisme - Africa Defense Forum

<blockquote class="wp-embedded-content" data-secret="J2PuBVY1gm"><a href="https://adf-magazine.com/fr/2025/08/un-bastion-contre-lextremisme/">Un Bastion Contre L’extrémisme</a></blockquote><iframe sandbox="allow-scripts" security="restricted" src="https://adf-magazine.com/fr/2025/08/un-bastion-contre-lextremisme/embed/#?secret=J2PuBVY1gm" width="600" height="338" title="« Un Bastion Contre L’extrémisme » &#8212; Africa Defense Forum" data-secret="J2PuBVY1gm" frameborder="0" marginwidth="0" marginheight="0" scrolling="no" class="wp-embedded-content"></iframe><script type="text/javascript">
/* <![CDATA[ */
/*! This file is auto-generated */
!function(d,l){"use strict";l.querySelector&&d.addEventListener&&"undefined"!=typeof URL&&(d.wp=d.wp||{},d.wp.receiveEmbedMessage||(d.wp.receiveEmbedMessage=function(e){var t=e.data;if((t||t.secret||t.message||t.value)&&!/[^a-zA-Z0-9]/.test(t.secret)){for(var s,r,n,a=l.querySelectorAll('iframe[data-secret="'+t.secret+'"]'),o=l.querySelectorAll('blockquote[data-secret="'+t.secret+'"]'),c=new RegExp("^https?:$","i"),i=0;i<o.length;i++)o[i].style.display="none";for(i=0;i<a.length;i++)s=a[i],e.source===s.contentWindow&&(s.removeAttribute("style"),"height"===t.message?(1e3<(r=parseInt(t.value,10))?r=1e3:~~r<200&&(r=200),s.height=r):"link"===t.message&&(r=new URL(s.getAttribute("src")),n=new URL(t.value),c.test(n.protocol))&&n.host===r.host&&l.activeElement===s&&(d.top.location.href=t.value))}},d.addEventListener("message",d.wp.receiveEmbedMessage,!1),l.addEventListener("DOMContentLoaded",function(){for(var e,t,s=l.querySelectorAll("iframe.wp-embedded-content"),r=0;r<s.length;r++)(t=(e=s[r]).getAttribute("data-secret"))||(t=Math.random().toString(36).substring(2,12),e.src+="#?secret="+t,e.setAttribute("data-secret",t)),e.contentWindow.postMessage({message:"ready",secret:t},"*")},!1)))}(window,document);
//# sourceURL=https://adf-magazine.com/wp-includes/js/wp-embed.min.js
/* ]]> */
</script>

La terreur est arrivée au Bénin en 2019. Des extrémistes basés au Sahel ont surgi du parc national de la Pendjari et enlevé deux touristes français et leur guide. Depuis lors, une vague d’incursions déferle sur le pays et s’intensifie chaque année. Le Bénin a déployé 3.000 soldats au Nord du pays dans le cadre
