{"version":"1.0","provider_name":"Africa Defense Forum","provider_url":"https:\/\/adf-magazine.com\/fr\/","title":"L\u2019ua Agit Pour Stopper L\u2019emploi Des Mercenaires - Africa Defense Forum","type":"rich","width":600,"height":338,"html":"<blockquote class=\"wp-embedded-content\" data-secret=\"2NfNV6mLpS\"><a href=\"https:\/\/adf-magazine.com\/fr\/2025\/04\/lua-agit-pour-stopper-lemploi-des-mercenaires\/\">L\u2019ua Agit Pour Stopper L\u2019emploi Des Mercenaires<\/a><\/blockquote><iframe sandbox=\"allow-scripts\" security=\"restricted\" src=\"https:\/\/adf-magazine.com\/fr\/2025\/04\/lua-agit-pour-stopper-lemploi-des-mercenaires\/embed\/#?secret=2NfNV6mLpS\" width=\"600\" height=\"338\" title=\"\u00ab\u00a0L\u2019ua Agit Pour Stopper L\u2019emploi Des Mercenaires\u00a0\u00bb &#8212; Africa Defense Forum\" data-secret=\"2NfNV6mLpS\" frameborder=\"0\" marginwidth=\"0\" marginheight=\"0\" scrolling=\"no\" class=\"wp-embedded-content\"><\/iframe><script type=\"text\/javascript\">\n\/* <![CDATA[ *\/\n\/*! This file is auto-generated *\/\n!function(d,l){\"use strict\";l.querySelector&&d.addEventListener&&\"undefined\"!=typeof URL&&(d.wp=d.wp||{},d.wp.receiveEmbedMessage||(d.wp.receiveEmbedMessage=function(e){var t=e.data;if((t||t.secret||t.message||t.value)&&!\/[^a-zA-Z0-9]\/.test(t.secret)){for(var s,r,n,a=l.querySelectorAll('iframe[data-secret=\"'+t.secret+'\"]'),o=l.querySelectorAll('blockquote[data-secret=\"'+t.secret+'\"]'),c=new RegExp(\"^https?:$\",\"i\"),i=0;i<o.length;i++)o[i].style.display=\"none\";for(i=0;i<a.length;i++)s=a[i],e.source===s.contentWindow&&(s.removeAttribute(\"style\"),\"height\"===t.message?(1e3<(r=parseInt(t.value,10))?r=1e3:~~r<200&&(r=200),s.height=r):\"link\"===t.message&&(r=new URL(s.getAttribute(\"src\")),n=new URL(t.value),c.test(n.protocol))&&n.host===r.host&&l.activeElement===s&&(d.top.location.href=t.value))}},d.addEventListener(\"message\",d.wp.receiveEmbedMessage,!1),l.addEventListener(\"DOMContentLoaded\",function(){for(var e,t,s=l.querySelectorAll(\"iframe.wp-embedded-content\"),r=0;r<s.length;r++)(t=(e=s[r]).getAttribute(\"data-secret\"))||(t=Math.random().toString(36).substring(2,12),e.src+=\"#?secret=\"+t,e.setAttribute(\"data-secret\",t)),e.contentWindow.postMessage({message:\"ready\",secret:t},\"*\")},!1)))}(window,document);\n\/\/# sourceURL=https:\/\/adf-magazine.com\/wp-includes\/js\/wp-embed.min.js\n\/* ]]> *\/\n<\/script>\n","thumbnail_url":"https:\/\/adf-magazine.com\/wp-content\/uploads\/2025\/04\/Defense_1012134094_CMYK.jpg","thumbnail_width":1080,"thumbnail_height":720,"description":"Le nombre de mercenaires dans les pays africains a augment\u00e9 au cours des derni\u00e8res ann\u00e9es, suivant l\u2019exemple de l\u2019ex-groupe Wagner de Russie. En r\u00e9ponse, l\u2019Union africaine s\u2019efforce de limiter l\u2019impact destructeur des combattants \u00e9trangers et d\u2019assurer leur supervision \u00e0 l\u2019aide d\u2019un projet de convention de quarante articles et un briefing de politique sur la participation"}

Le nombre de mercenaires dans les pays africains a augmenté au cours des dernières années, suivant l’exemple de l’ex-groupe Wagner de Russie. En réponse, l’Union africaine s’efforce de limiter l’impact destructeur des combattants étrangers et d’assurer leur supervision à l’aide d’un projet de convention de quarante articles et un briefing de politique sur la participation
