{"version":"1.0","provider_name":"Africa Defense Forum","provider_url":"https:\/\/adf-magazine.com\/fr\/","title":"Le Ghana agit pour repousser le terrorisme - Africa Defense Forum","type":"rich","width":600,"height":338,"html":"<blockquote class=\"wp-embedded-content\" data-secret=\"1AagtlOjwT\"><a href=\"https:\/\/adf-magazine.com\/fr\/2023\/07\/le-ghana-agit-pour-repousser-le-terrorisme\/\">Le Ghana agit pour repousser le terrorisme<\/a><\/blockquote><iframe sandbox=\"allow-scripts\" security=\"restricted\" src=\"https:\/\/adf-magazine.com\/fr\/2023\/07\/le-ghana-agit-pour-repousser-le-terrorisme\/embed\/#?secret=1AagtlOjwT\" width=\"600\" height=\"338\" title=\"\u00ab\u00a0Le Ghana agit pour repousser le terrorisme\u00a0\u00bb &#8212; Africa Defense Forum\" data-secret=\"1AagtlOjwT\" frameborder=\"0\" marginwidth=\"0\" marginheight=\"0\" scrolling=\"no\" class=\"wp-embedded-content\"><\/iframe><script type=\"text\/javascript\">\n\/* <![CDATA[ *\/\n\/*! This file is auto-generated *\/\n!function(d,l){\"use strict\";l.querySelector&&d.addEventListener&&\"undefined\"!=typeof URL&&(d.wp=d.wp||{},d.wp.receiveEmbedMessage||(d.wp.receiveEmbedMessage=function(e){var t=e.data;if((t||t.secret||t.message||t.value)&&!\/[^a-zA-Z0-9]\/.test(t.secret)){for(var s,r,n,a=l.querySelectorAll('iframe[data-secret=\"'+t.secret+'\"]'),o=l.querySelectorAll('blockquote[data-secret=\"'+t.secret+'\"]'),c=new RegExp(\"^https?:$\",\"i\"),i=0;i<o.length;i++)o[i].style.display=\"none\";for(i=0;i<a.length;i++)s=a[i],e.source===s.contentWindow&&(s.removeAttribute(\"style\"),\"height\"===t.message?(1e3<(r=parseInt(t.value,10))?r=1e3:~~r<200&&(r=200),s.height=r):\"link\"===t.message&&(r=new URL(s.getAttribute(\"src\")),n=new URL(t.value),c.test(n.protocol))&&n.host===r.host&&l.activeElement===s&&(d.top.location.href=t.value))}},d.addEventListener(\"message\",d.wp.receiveEmbedMessage,!1),l.addEventListener(\"DOMContentLoaded\",function(){for(var e,t,s=l.querySelectorAll(\"iframe.wp-embedded-content\"),r=0;r<s.length;r++)(t=(e=s[r]).getAttribute(\"data-secret\"))||(t=Math.random().toString(36).substring(2,12),e.src+=\"#?secret=\"+t,e.setAttribute(\"data-secret\",t)),e.contentWindow.postMessage({message:\"ready\",secret:t},\"*\")},!1)))}(window,document);\n\/\/# sourceURL=https:\/\/adf-magazine.com\/wp-includes\/js\/wp-embed.min.js\n\/* ]]> *\/\n<\/script>\n","thumbnail_url":"https:\/\/adf-magazine.com\/wp-content\/uploads\/2023\/07\/Perspective_1_CMYK.jpg","thumbnail_width":1080,"thumbnail_height":720,"description":"Le vice-amiral Seth Amoama, chef d\u2019\u00e9tat-major de la d\u00e9fense des Forces arm\u00e9es du Ghana, s\u2019est exprim\u00e9 sur \u00ab les efforts militaires du Ghana pour r\u00e9primer le terrorisme \u00bb lors de la premi\u00e8re exposition et conf\u00e9rence internationale de la d\u00e9fense du 12 octobre 2022 au camp Burma \u00e0 Accra (Ghana). Ses remarques ont \u00e9t\u00e9 obtenues dans"}

Le vice-amiral Seth Amoama, chef d’état-major de la défense des Forces armées du Ghana, s’est exprimé sur « les efforts militaires du Ghana pour réprimer le terrorisme » lors de la première exposition et conférence internationale de la défense du 12 octobre 2022 au camp Burma à Accra (Ghana). Ses remarques ont été obtenues dans
