{"version":"1.0","provider_name":"Africa Defense Forum","provider_url":"https:\/\/adf-magazine.com\/fr\/","title":"Les principaux risques de s\u00e9curit\u00e9 pour 2023 - Africa Defense Forum","type":"rich","width":600,"height":338,"html":"<blockquote class=\"wp-embedded-content\" data-secret=\"xwykBxKDQg\"><a href=\"https:\/\/adf-magazine.com\/fr\/2022\/12\/les-principaux-risques-de-securite-pour-2023\/\">Les principaux risques de s\u00e9curit\u00e9 pour 2023<\/a><\/blockquote><iframe sandbox=\"allow-scripts\" security=\"restricted\" src=\"https:\/\/adf-magazine.com\/fr\/2022\/12\/les-principaux-risques-de-securite-pour-2023\/embed\/#?secret=xwykBxKDQg\" width=\"600\" height=\"338\" title=\"\u00ab\u00a0Les principaux risques de s\u00e9curit\u00e9 pour 2023\u00a0\u00bb &#8212; Africa Defense Forum\" data-secret=\"xwykBxKDQg\" frameborder=\"0\" marginwidth=\"0\" marginheight=\"0\" scrolling=\"no\" class=\"wp-embedded-content\"><\/iframe><script type=\"text\/javascript\">\n\/* <![CDATA[ *\/\n\/*! This file is auto-generated *\/\n!function(d,l){\"use strict\";l.querySelector&&d.addEventListener&&\"undefined\"!=typeof URL&&(d.wp=d.wp||{},d.wp.receiveEmbedMessage||(d.wp.receiveEmbedMessage=function(e){var t=e.data;if((t||t.secret||t.message||t.value)&&!\/[^a-zA-Z0-9]\/.test(t.secret)){for(var s,r,n,a=l.querySelectorAll('iframe[data-secret=\"'+t.secret+'\"]'),o=l.querySelectorAll('blockquote[data-secret=\"'+t.secret+'\"]'),c=new RegExp(\"^https?:$\",\"i\"),i=0;i<o.length;i++)o[i].style.display=\"none\";for(i=0;i<a.length;i++)s=a[i],e.source===s.contentWindow&&(s.removeAttribute(\"style\"),\"height\"===t.message?(1e3<(r=parseInt(t.value,10))?r=1e3:~~r<200&&(r=200),s.height=r):\"link\"===t.message&&(r=new URL(s.getAttribute(\"src\")),n=new URL(t.value),c.test(n.protocol))&&n.host===r.host&&l.activeElement===s&&(d.top.location.href=t.value))}},d.addEventListener(\"message\",d.wp.receiveEmbedMessage,!1),l.addEventListener(\"DOMContentLoaded\",function(){for(var e,t,s=l.querySelectorAll(\"iframe.wp-embedded-content\"),r=0;r<s.length;r++)(t=(e=s[r]).getAttribute(\"data-secret\"))||(t=Math.random().toString(36).substring(2,12),e.src+=\"#?secret=\"+t,e.setAttribute(\"data-secret\",t)),e.contentWindow.postMessage({message:\"ready\",secret:t},\"*\")},!1)))}(window,document);\n\/\/# sourceURL=https:\/\/adf-magazine.com\/wp-includes\/js\/wp-embed.min.js\n\/* ]]> *\/\n<\/script>\n","thumbnail_url":"https:\/\/adf-magazine.com\/wp-content\/uploads\/2022\/12\/GettyImages-1243724643.jpg","thumbnail_width":1024,"thumbnail_height":683,"description":"PERSONNEL D\u2019ADF \u00c0 la suite de sa visite de Kiev en Ukraine au mois d\u2019avril, le secr\u00e9taire g\u00e9n\u00e9ral des Nations unies Ant\u00f3nio Guterres s\u2019est rendu tardivement au Sahel pour attirer l\u2019attention internationale sur la d\u00e9t\u00e9rioration de la situation s\u00e9curitaire dans cette r\u00e9gion. Son dilemme \u00e9tait celui de l\u2019ensemble du continent africain\u00a0: comment r\u00e9pondre aux crises"}

Les principaux risques de sécurité pour 2023 - Africa Defense Forum

<blockquote class="wp-embedded-content" data-secret="xwykBxKDQg"><a href="https://adf-magazine.com/fr/2022/12/les-principaux-risques-de-securite-pour-2023/">Les principaux risques de sécurité pour 2023</a></blockquote><iframe sandbox="allow-scripts" security="restricted" src="https://adf-magazine.com/fr/2022/12/les-principaux-risques-de-securite-pour-2023/embed/#?secret=xwykBxKDQg" width="600" height="338" title="« Les principaux risques de sécurité pour 2023 » &#8212; Africa Defense Forum" data-secret="xwykBxKDQg" frameborder="0" marginwidth="0" marginheight="0" scrolling="no" class="wp-embedded-content"></iframe><script type="text/javascript">
/* <![CDATA[ */
/*! This file is auto-generated */
!function(d,l){"use strict";l.querySelector&&d.addEventListener&&"undefined"!=typeof URL&&(d.wp=d.wp||{},d.wp.receiveEmbedMessage||(d.wp.receiveEmbedMessage=function(e){var t=e.data;if((t||t.secret||t.message||t.value)&&!/[^a-zA-Z0-9]/.test(t.secret)){for(var s,r,n,a=l.querySelectorAll('iframe[data-secret="'+t.secret+'"]'),o=l.querySelectorAll('blockquote[data-secret="'+t.secret+'"]'),c=new RegExp("^https?:$","i"),i=0;i<o.length;i++)o[i].style.display="none";for(i=0;i<a.length;i++)s=a[i],e.source===s.contentWindow&&(s.removeAttribute("style"),"height"===t.message?(1e3<(r=parseInt(t.value,10))?r=1e3:~~r<200&&(r=200),s.height=r):"link"===t.message&&(r=new URL(s.getAttribute("src")),n=new URL(t.value),c.test(n.protocol))&&n.host===r.host&&l.activeElement===s&&(d.top.location.href=t.value))}},d.addEventListener("message",d.wp.receiveEmbedMessage,!1),l.addEventListener("DOMContentLoaded",function(){for(var e,t,s=l.querySelectorAll("iframe.wp-embedded-content"),r=0;r<s.length;r++)(t=(e=s[r]).getAttribute("data-secret"))||(t=Math.random().toString(36).substring(2,12),e.src+="#?secret="+t,e.setAttribute("data-secret",t)),e.contentWindow.postMessage({message:"ready",secret:t},"*")},!1)))}(window,document);
//# sourceURL=https://adf-magazine.com/wp-includes/js/wp-embed.min.js
/* ]]> */
</script>

PERSONNEL D’ADF À la suite de sa visite de Kiev en Ukraine au mois d’avril, le secrétaire général des Nations unies António Guterres s’est rendu tardivement au Sahel pour attirer l’attention internationale sur la détérioration de la situation sécuritaire dans cette région. Son dilemme était celui de l’ensemble du continent africain : comment répondre aux crises
