{"version":"1.0","provider_name":"Africa Defense Forum","provider_url":"https:\/\/adf-magazine.com\/fr\/","title":"Des Enfants Forc\u00e9s Au Combat - Africa Defense Forum","type":"rich","width":600,"height":338,"html":"<blockquote class=\"wp-embedded-content\" data-secret=\"LdRCSQoh5l\"><a href=\"https:\/\/adf-magazine.com\/fr\/2022\/08\/des-enfants-forces-au-combat\/\">Des Enfants Forc\u00e9s Au Combat<\/a><\/blockquote><iframe sandbox=\"allow-scripts\" security=\"restricted\" src=\"https:\/\/adf-magazine.com\/fr\/2022\/08\/des-enfants-forces-au-combat\/embed\/#?secret=LdRCSQoh5l\" width=\"600\" height=\"338\" title=\"\u00ab\u00a0Des Enfants Forc\u00e9s Au Combat\u00a0\u00bb &#8212; Africa Defense Forum\" data-secret=\"LdRCSQoh5l\" frameborder=\"0\" marginwidth=\"0\" marginheight=\"0\" scrolling=\"no\" class=\"wp-embedded-content\"><\/iframe><script type=\"text\/javascript\">\n\/* <![CDATA[ *\/\n\/*! This file is auto-generated *\/\n!function(d,l){\"use strict\";l.querySelector&&d.addEventListener&&\"undefined\"!=typeof URL&&(d.wp=d.wp||{},d.wp.receiveEmbedMessage||(d.wp.receiveEmbedMessage=function(e){var t=e.data;if((t||t.secret||t.message||t.value)&&!\/[^a-zA-Z0-9]\/.test(t.secret)){for(var s,r,n,a=l.querySelectorAll('iframe[data-secret=\"'+t.secret+'\"]'),o=l.querySelectorAll('blockquote[data-secret=\"'+t.secret+'\"]'),c=new RegExp(\"^https?:$\",\"i\"),i=0;i<o.length;i++)o[i].style.display=\"none\";for(i=0;i<a.length;i++)s=a[i],e.source===s.contentWindow&&(s.removeAttribute(\"style\"),\"height\"===t.message?(1e3<(r=parseInt(t.value,10))?r=1e3:~~r<200&&(r=200),s.height=r):\"link\"===t.message&&(r=new URL(s.getAttribute(\"src\")),n=new URL(t.value),c.test(n.protocol))&&n.host===r.host&&l.activeElement===s&&(d.top.location.href=t.value))}},d.addEventListener(\"message\",d.wp.receiveEmbedMessage,!1),l.addEventListener(\"DOMContentLoaded\",function(){for(var e,t,s=l.querySelectorAll(\"iframe.wp-embedded-content\"),r=0;r<s.length;r++)(t=(e=s[r]).getAttribute(\"data-secret\"))||(t=Math.random().toString(36).substring(2,12),e.src+=\"#?secret=\"+t,e.setAttribute(\"data-secret\",t)),e.contentWindow.postMessage({message:\"ready\",secret:t},\"*\")},!1)))}(window,document);\n\/\/# sourceURL=https:\/\/adf-magazine.com\/wp-includes\/js\/wp-embed.min.js\n\/* ]]> *\/\n<\/script>\n","thumbnail_url":"https:\/\/adf-magazine.com\/wp-content\/uploads\/2022\/08\/AP20332294255495.jpg","thumbnail_width":1080,"thumbnail_height":810,"description":"Personnel d\u2019ADF Un samedi \u00e0 deux heures du matin, la tranquillit\u00e9 de la nuit dans un village burkinab\u00e9 a \u00e9t\u00e9 interrompue par le bruit des motos, suivi de celui des coups de fusil. Le 5 juin 2021, des terroristes ont tir\u00e9 sur les r\u00e9sidents du village de Sohan, o\u00f9 se trouvent des mines d\u2019or. Ils"}

Des Enfants Forcés Au Combat - Africa Defense Forum

<blockquote class="wp-embedded-content" data-secret="LdRCSQoh5l"><a href="https://adf-magazine.com/fr/2022/08/des-enfants-forces-au-combat/">Des Enfants Forcés Au Combat</a></blockquote><iframe sandbox="allow-scripts" security="restricted" src="https://adf-magazine.com/fr/2022/08/des-enfants-forces-au-combat/embed/#?secret=LdRCSQoh5l" width="600" height="338" title="« Des Enfants Forcés Au Combat » &#8212; Africa Defense Forum" data-secret="LdRCSQoh5l" frameborder="0" marginwidth="0" marginheight="0" scrolling="no" class="wp-embedded-content"></iframe><script type="text/javascript">
/* <![CDATA[ */
/*! This file is auto-generated */
!function(d,l){"use strict";l.querySelector&&d.addEventListener&&"undefined"!=typeof URL&&(d.wp=d.wp||{},d.wp.receiveEmbedMessage||(d.wp.receiveEmbedMessage=function(e){var t=e.data;if((t||t.secret||t.message||t.value)&&!/[^a-zA-Z0-9]/.test(t.secret)){for(var s,r,n,a=l.querySelectorAll('iframe[data-secret="'+t.secret+'"]'),o=l.querySelectorAll('blockquote[data-secret="'+t.secret+'"]'),c=new RegExp("^https?:$","i"),i=0;i<o.length;i++)o[i].style.display="none";for(i=0;i<a.length;i++)s=a[i],e.source===s.contentWindow&&(s.removeAttribute("style"),"height"===t.message?(1e3<(r=parseInt(t.value,10))?r=1e3:~~r<200&&(r=200),s.height=r):"link"===t.message&&(r=new URL(s.getAttribute("src")),n=new URL(t.value),c.test(n.protocol))&&n.host===r.host&&l.activeElement===s&&(d.top.location.href=t.value))}},d.addEventListener("message",d.wp.receiveEmbedMessage,!1),l.addEventListener("DOMContentLoaded",function(){for(var e,t,s=l.querySelectorAll("iframe.wp-embedded-content"),r=0;r<s.length;r++)(t=(e=s[r]).getAttribute("data-secret"))||(t=Math.random().toString(36).substring(2,12),e.src+="#?secret="+t,e.setAttribute("data-secret",t)),e.contentWindow.postMessage({message:"ready",secret:t},"*")},!1)))}(window,document);
//# sourceURL=https://adf-magazine.com/wp-includes/js/wp-embed.min.js
/* ]]> */
</script>

Personnel d’ADF Un samedi à deux heures du matin, la tranquillité de la nuit dans un village burkinabé a été interrompue par le bruit des motos, suivi de celui des coups de fusil. Le 5 juin 2021, des terroristes ont tiré sur les résidents du village de Sohan, où se trouvent des mines d’or. Ils
