{"version":"1.0","provider_name":"Africa Defense Forum","provider_url":"https:\/\/adf-magazine.com\/fr\/","title":"\u00c0 quoi ressemble l\u2019avenir de l\u2019AMISOM ? - Africa Defense Forum","type":"rich","width":600,"height":338,"html":"<blockquote class=\"wp-embedded-content\" data-secret=\"0pksQQo1On\"><a href=\"https:\/\/adf-magazine.com\/fr\/2021\/11\/a-quoi-ressemble-lavenir-de-lamisom\/\">\u00c0 quoi ressemble l\u2019avenir de l\u2019AMISOM ?<\/a><\/blockquote><iframe sandbox=\"allow-scripts\" security=\"restricted\" src=\"https:\/\/adf-magazine.com\/fr\/2021\/11\/a-quoi-ressemble-lavenir-de-lamisom\/embed\/#?secret=0pksQQo1On\" width=\"600\" height=\"338\" title=\"\u00ab\u00a0\u00c0 quoi ressemble l\u2019avenir de l\u2019AMISOM ?\u00a0\u00bb &#8212; Africa Defense Forum\" data-secret=\"0pksQQo1On\" frameborder=\"0\" marginwidth=\"0\" marginheight=\"0\" scrolling=\"no\" class=\"wp-embedded-content\"><\/iframe><script type=\"text\/javascript\">\n\/* <![CDATA[ *\/\n\/*! This file is auto-generated *\/\n!function(d,l){\"use strict\";l.querySelector&&d.addEventListener&&\"undefined\"!=typeof URL&&(d.wp=d.wp||{},d.wp.receiveEmbedMessage||(d.wp.receiveEmbedMessage=function(e){var t=e.data;if((t||t.secret||t.message||t.value)&&!\/[^a-zA-Z0-9]\/.test(t.secret)){for(var s,r,n,a=l.querySelectorAll('iframe[data-secret=\"'+t.secret+'\"]'),o=l.querySelectorAll('blockquote[data-secret=\"'+t.secret+'\"]'),c=new RegExp(\"^https?:$\",\"i\"),i=0;i<o.length;i++)o[i].style.display=\"none\";for(i=0;i<a.length;i++)s=a[i],e.source===s.contentWindow&&(s.removeAttribute(\"style\"),\"height\"===t.message?(1e3<(r=parseInt(t.value,10))?r=1e3:~~r<200&&(r=200),s.height=r):\"link\"===t.message&&(r=new URL(s.getAttribute(\"src\")),n=new URL(t.value),c.test(n.protocol))&&n.host===r.host&&l.activeElement===s&&(d.top.location.href=t.value))}},d.addEventListener(\"message\",d.wp.receiveEmbedMessage,!1),l.addEventListener(\"DOMContentLoaded\",function(){for(var e,t,s=l.querySelectorAll(\"iframe.wp-embedded-content\"),r=0;r<s.length;r++)(t=(e=s[r]).getAttribute(\"data-secret\"))||(t=Math.random().toString(36).substring(2,12),e.src+=\"#?secret=\"+t,e.setAttribute(\"data-secret\",t)),e.contentWindow.postMessage({message:\"ready\",secret:t},\"*\")},!1)))}(window,document);\n\/\/# sourceURL=https:\/\/adf-magazine.com\/wp-includes\/js\/wp-embed.min.js\n\/* ]]> *\/\n<\/script>\n","thumbnail_url":"https:\/\/adf-magazine.com\/wp-content\/uploads\/2021\/11\/AMISOMFUTURE1.jpg","thumbnail_width":1080,"thumbnail_height":721,"description":"PERSONNEL D\u2019ADF \u00c0 peu pr\u00e8s au moment o\u00f9 la Somalie a commenc\u00e9 \u00e0 \u00eatre tourment\u00e9e par une insurrection extr\u00e9miste islamiste, l\u2019Union africaine y a \u00e9tabli une mission r\u00e9gionale de maintien de la paix. La mission de l\u2019Union africaine en Somalie (AMISOM) cr\u00e9\u00e9e en 2007 est charg\u00e9e de soutenir le nouveau gouvernement, mettre en \u0153uvre une"}

À quoi ressemble l’avenir de l’AMISOM ? - Africa Defense Forum

<blockquote class="wp-embedded-content" data-secret="0pksQQo1On"><a href="https://adf-magazine.com/fr/2021/11/a-quoi-ressemble-lavenir-de-lamisom/">À quoi ressemble l’avenir de l’AMISOM ?</a></blockquote><iframe sandbox="allow-scripts" security="restricted" src="https://adf-magazine.com/fr/2021/11/a-quoi-ressemble-lavenir-de-lamisom/embed/#?secret=0pksQQo1On" width="600" height="338" title="« À quoi ressemble l’avenir de l’AMISOM ? » &#8212; Africa Defense Forum" data-secret="0pksQQo1On" frameborder="0" marginwidth="0" marginheight="0" scrolling="no" class="wp-embedded-content"></iframe><script type="text/javascript">
/* <![CDATA[ */
/*! This file is auto-generated */
!function(d,l){"use strict";l.querySelector&&d.addEventListener&&"undefined"!=typeof URL&&(d.wp=d.wp||{},d.wp.receiveEmbedMessage||(d.wp.receiveEmbedMessage=function(e){var t=e.data;if((t||t.secret||t.message||t.value)&&!/[^a-zA-Z0-9]/.test(t.secret)){for(var s,r,n,a=l.querySelectorAll('iframe[data-secret="'+t.secret+'"]'),o=l.querySelectorAll('blockquote[data-secret="'+t.secret+'"]'),c=new RegExp("^https?:$","i"),i=0;i<o.length;i++)o[i].style.display="none";for(i=0;i<a.length;i++)s=a[i],e.source===s.contentWindow&&(s.removeAttribute("style"),"height"===t.message?(1e3<(r=parseInt(t.value,10))?r=1e3:~~r<200&&(r=200),s.height=r):"link"===t.message&&(r=new URL(s.getAttribute("src")),n=new URL(t.value),c.test(n.protocol))&&n.host===r.host&&l.activeElement===s&&(d.top.location.href=t.value))}},d.addEventListener("message",d.wp.receiveEmbedMessage,!1),l.addEventListener("DOMContentLoaded",function(){for(var e,t,s=l.querySelectorAll("iframe.wp-embedded-content"),r=0;r<s.length;r++)(t=(e=s[r]).getAttribute("data-secret"))||(t=Math.random().toString(36).substring(2,12),e.src+="#?secret="+t,e.setAttribute("data-secret",t)),e.contentWindow.postMessage({message:"ready",secret:t},"*")},!1)))}(window,document);
//# sourceURL=https://adf-magazine.com/wp-includes/js/wp-embed.min.js
/* ]]> */
</script>

PERSONNEL D’ADF À peu près au moment où la Somalie a commencé à être tourmentée par une insurrection extrémiste islamiste, l’Union africaine y a établi une mission régionale de maintien de la paix. La mission de l’Union africaine en Somalie (AMISOM) créée en 2007 est chargée de soutenir le nouveau gouvernement, mettre en œuvre une
