{"version":"1.0","provider_name":"Africa Defense Forum","provider_url":"https:\/\/adf-magazine.com\/fr\/","title":"Bien comprendre le Sahel - Africa Defense Forum","type":"rich","width":600,"height":338,"html":"<blockquote class=\"wp-embedded-content\" data-secret=\"HQuS7DQ5ui\"><a href=\"https:\/\/adf-magazine.com\/fr\/2020\/05\/bien-comprendre-le-sahel\/\">Bien comprendre le Sahel<\/a><\/blockquote><iframe sandbox=\"allow-scripts\" security=\"restricted\" src=\"https:\/\/adf-magazine.com\/fr\/2020\/05\/bien-comprendre-le-sahel\/embed\/#?secret=HQuS7DQ5ui\" width=\"600\" height=\"338\" title=\"\u00ab\u00a0Bien comprendre le Sahel\u00a0\u00bb &#8212; Africa Defense Forum\" data-secret=\"HQuS7DQ5ui\" frameborder=\"0\" marginwidth=\"0\" marginheight=\"0\" scrolling=\"no\" class=\"wp-embedded-content\"><\/iframe><script type=\"text\/javascript\">\n\/* <![CDATA[ *\/\n\/*! This file is auto-generated *\/\n!function(d,l){\"use strict\";l.querySelector&&d.addEventListener&&\"undefined\"!=typeof URL&&(d.wp=d.wp||{},d.wp.receiveEmbedMessage||(d.wp.receiveEmbedMessage=function(e){var t=e.data;if((t||t.secret||t.message||t.value)&&!\/[^a-zA-Z0-9]\/.test(t.secret)){for(var s,r,n,a=l.querySelectorAll('iframe[data-secret=\"'+t.secret+'\"]'),o=l.querySelectorAll('blockquote[data-secret=\"'+t.secret+'\"]'),c=new RegExp(\"^https?:$\",\"i\"),i=0;i<o.length;i++)o[i].style.display=\"none\";for(i=0;i<a.length;i++)s=a[i],e.source===s.contentWindow&&(s.removeAttribute(\"style\"),\"height\"===t.message?(1e3<(r=parseInt(t.value,10))?r=1e3:~~r<200&&(r=200),s.height=r):\"link\"===t.message&&(r=new URL(s.getAttribute(\"src\")),n=new URL(t.value),c.test(n.protocol))&&n.host===r.host&&l.activeElement===s&&(d.top.location.href=t.value))}},d.addEventListener(\"message\",d.wp.receiveEmbedMessage,!1),l.addEventListener(\"DOMContentLoaded\",function(){for(var e,t,s=l.querySelectorAll(\"iframe.wp-embedded-content\"),r=0;r<s.length;r++)(t=(e=s[r]).getAttribute(\"data-secret\"))||(t=Math.random().toString(36).substring(2,12),e.src+=\"#?secret=\"+t,e.setAttribute(\"data-secret\",t)),e.contentWindow.postMessage({message:\"ready\",secret:t},\"*\")},!1)))}(window,document);\n\/\/# sourceURL=https:\/\/adf-magazine.com\/wp-includes\/js\/wp-embed.min.js\n\/* ]]> *\/\n<\/script>\n","thumbnail_url":"https:\/\/adf-magazine.com\/wp-content\/uploads\/2020\/05\/Overview_1180015351.jpg","thumbnail_width":1080,"thumbnail_height":720,"description":"Au Cours Des Derni\u00e8res Ann\u00e9es, Cette R\u00e9gion Est Devenue Une Base Pour Les Extr\u00e9mistes Violents Et Ceux Qui Les Combattent PERSONNEL D\u2019ADF Le Sahel est une r\u00e9gion semi-aride qui s\u2019\u00e9tend du S\u00e9n\u00e9gal, sur la c\u00f4te atlantique, \u00e0 l\u2019\u00c9rythr\u00e9e et la mer Rouge. Depuis des si\u00e8cles, il constitue une ligne de d\u00e9marcation pour l\u2019Afrique. Il s\u00e9pare"}

Au Cours Des Dernières Années, Cette Région Est Devenue Une Base Pour Les Extrémistes Violents Et Ceux Qui Les Combattent PERSONNEL D’ADF Le Sahel est une région semi-aride qui s’étend du Sénégal, sur la côte atlantique, à l’Érythrée et la mer Rouge. Depuis des siècles, il constitue une ligne de démarcation pour l’Afrique. Il sépare
