{"version":"1.0","provider_name":"Africa Defense Forum","provider_url":"https:\/\/adf-magazine.com\/fr\/","title":"L\u2019EXTR\u00c9MISME SECOUE LE NORD DU MOZAMBIQUE - Africa Defense Forum","type":"rich","width":600,"height":338,"html":"<blockquote class=\"wp-embedded-content\" data-secret=\"jppsxpB9OZ\"><a href=\"https:\/\/adf-magazine.com\/fr\/2019\/05\/lextremisme-secoue-le-nord-du-mozambique\/\">L\u2019EXTR\u00c9MISME SECOUE LE NORD DU MOZAMBIQUE<\/a><\/blockquote><iframe sandbox=\"allow-scripts\" security=\"restricted\" src=\"https:\/\/adf-magazine.com\/fr\/2019\/05\/lextremisme-secoue-le-nord-du-mozambique\/embed\/#?secret=jppsxpB9OZ\" width=\"600\" height=\"338\" title=\"\u00ab\u00a0L\u2019EXTR\u00c9MISME SECOUE LE NORD DU MOZAMBIQUE\u00a0\u00bb &#8212; Africa Defense Forum\" data-secret=\"jppsxpB9OZ\" frameborder=\"0\" marginwidth=\"0\" marginheight=\"0\" scrolling=\"no\" class=\"wp-embedded-content\"><\/iframe><script type=\"text\/javascript\">\n\/* <![CDATA[ *\/\n\/*! This file is auto-generated *\/\n!function(d,l){\"use strict\";l.querySelector&&d.addEventListener&&\"undefined\"!=typeof URL&&(d.wp=d.wp||{},d.wp.receiveEmbedMessage||(d.wp.receiveEmbedMessage=function(e){var t=e.data;if((t||t.secret||t.message||t.value)&&!\/[^a-zA-Z0-9]\/.test(t.secret)){for(var s,r,n,a=l.querySelectorAll('iframe[data-secret=\"'+t.secret+'\"]'),o=l.querySelectorAll('blockquote[data-secret=\"'+t.secret+'\"]'),c=new RegExp(\"^https?:$\",\"i\"),i=0;i<o.length;i++)o[i].style.display=\"none\";for(i=0;i<a.length;i++)s=a[i],e.source===s.contentWindow&&(s.removeAttribute(\"style\"),\"height\"===t.message?(1e3<(r=parseInt(t.value,10))?r=1e3:~~r<200&&(r=200),s.height=r):\"link\"===t.message&&(r=new URL(s.getAttribute(\"src\")),n=new URL(t.value),c.test(n.protocol))&&n.host===r.host&&l.activeElement===s&&(d.top.location.href=t.value))}},d.addEventListener(\"message\",d.wp.receiveEmbedMessage,!1),l.addEventListener(\"DOMContentLoaded\",function(){for(var e,t,s=l.querySelectorAll(\"iframe.wp-embedded-content\"),r=0;r<s.length;r++)(t=(e=s[r]).getAttribute(\"data-secret\"))||(t=Math.random().toString(36).substring(2,12),e.src+=\"#?secret=\"+t,e.setAttribute(\"data-secret\",t)),e.contentWindow.postMessage({message:\"ready\",secret:t},\"*\")},!1)))}(window,document);\n\/\/# sourceURL=https:\/\/adf-magazine.com\/wp-includes\/js\/wp-embed.min.js\n\/* ]]> *\/\n<\/script>\n","thumbnail_url":"https:\/\/adf-magazine.com\/wp-content\/uploads\/2019\/05\/Extremism.jpg","thumbnail_width":1080,"thumbnail_height":1429,"description":"Le leadership et l\u2019id\u00e9ologie des insurg\u00e9s demeurent un myst\u00e8re alors que la violence persiste PERSONNEL D\u2019ADF Le groupe est connu sous plusieurs noms, y compris celui qui \u00e9voque l\u2019horreur et le danger du groupe d\u2019insurg\u00e9s d\u2019origine somalienne. Le nombre de ses adh\u00e9rents est incertain. Il ne semble pas que son leadership soit li\u00e9 \u00e0 une"}

L’EXTRÉMISME SECOUE LE NORD DU MOZAMBIQUE - Africa Defense Forum

<blockquote class="wp-embedded-content" data-secret="jppsxpB9OZ"><a href="https://adf-magazine.com/fr/2019/05/lextremisme-secoue-le-nord-du-mozambique/">L’EXTRÉMISME SECOUE LE NORD DU MOZAMBIQUE</a></blockquote><iframe sandbox="allow-scripts" security="restricted" src="https://adf-magazine.com/fr/2019/05/lextremisme-secoue-le-nord-du-mozambique/embed/#?secret=jppsxpB9OZ" width="600" height="338" title="« L’EXTRÉMISME SECOUE LE NORD DU MOZAMBIQUE » &#8212; Africa Defense Forum" data-secret="jppsxpB9OZ" frameborder="0" marginwidth="0" marginheight="0" scrolling="no" class="wp-embedded-content"></iframe><script type="text/javascript">
/* <![CDATA[ */
/*! This file is auto-generated */
!function(d,l){"use strict";l.querySelector&&d.addEventListener&&"undefined"!=typeof URL&&(d.wp=d.wp||{},d.wp.receiveEmbedMessage||(d.wp.receiveEmbedMessage=function(e){var t=e.data;if((t||t.secret||t.message||t.value)&&!/[^a-zA-Z0-9]/.test(t.secret)){for(var s,r,n,a=l.querySelectorAll('iframe[data-secret="'+t.secret+'"]'),o=l.querySelectorAll('blockquote[data-secret="'+t.secret+'"]'),c=new RegExp("^https?:$","i"),i=0;i<o.length;i++)o[i].style.display="none";for(i=0;i<a.length;i++)s=a[i],e.source===s.contentWindow&&(s.removeAttribute("style"),"height"===t.message?(1e3<(r=parseInt(t.value,10))?r=1e3:~~r<200&&(r=200),s.height=r):"link"===t.message&&(r=new URL(s.getAttribute("src")),n=new URL(t.value),c.test(n.protocol))&&n.host===r.host&&l.activeElement===s&&(d.top.location.href=t.value))}},d.addEventListener("message",d.wp.receiveEmbedMessage,!1),l.addEventListener("DOMContentLoaded",function(){for(var e,t,s=l.querySelectorAll("iframe.wp-embedded-content"),r=0;r<s.length;r++)(t=(e=s[r]).getAttribute("data-secret"))||(t=Math.random().toString(36).substring(2,12),e.src+="#?secret="+t,e.setAttribute("data-secret",t)),e.contentWindow.postMessage({message:"ready",secret:t},"*")},!1)))}(window,document);
//# sourceURL=https://adf-magazine.com/wp-includes/js/wp-embed.min.js
/* ]]> */
</script>

Le leadership et l’idéologie des insurgés demeurent un mystère alors que la violence persiste PERSONNEL D’ADF Le groupe est connu sous plusieurs noms, y compris celui qui évoque l’horreur et le danger du groupe d’insurgés d’origine somalienne. Le nombre de ses adhérents est incertain. Il ne semble pas que son leadership soit lié à une
