{"version":"1.0","provider_name":"Africa Defense Forum","provider_url":"https:\/\/adf-magazine.com\/fr\/","title":"POINT DE VUE - Africa Defense Forum","type":"rich","width":600,"height":338,"html":"<blockquote class=\"wp-embedded-content\" data-secret=\"WYCL1U8sVL\"><a href=\"https:\/\/adf-magazine.com\/fr\/2016\/04\/point-de-vue-8\/\">POINT DE VUE<\/a><\/blockquote><iframe sandbox=\"allow-scripts\" security=\"restricted\" src=\"https:\/\/adf-magazine.com\/fr\/2016\/04\/point-de-vue-8\/embed\/#?secret=WYCL1U8sVL\" width=\"600\" height=\"338\" title=\"\u00ab\u00a0POINT DE VUE\u00a0\u00bb &#8212; Africa Defense Forum\" data-secret=\"WYCL1U8sVL\" frameborder=\"0\" marginwidth=\"0\" marginheight=\"0\" scrolling=\"no\" class=\"wp-embedded-content\"><\/iframe><script type=\"text\/javascript\">\n\/* <![CDATA[ *\/\n\/*! This file is auto-generated *\/\n!function(d,l){\"use strict\";l.querySelector&&d.addEventListener&&\"undefined\"!=typeof URL&&(d.wp=d.wp||{},d.wp.receiveEmbedMessage||(d.wp.receiveEmbedMessage=function(e){var t=e.data;if((t||t.secret||t.message||t.value)&&!\/[^a-zA-Z0-9]\/.test(t.secret)){for(var s,r,n,a=l.querySelectorAll('iframe[data-secret=\"'+t.secret+'\"]'),o=l.querySelectorAll('blockquote[data-secret=\"'+t.secret+'\"]'),c=new RegExp(\"^https?:$\",\"i\"),i=0;i<o.length;i++)o[i].style.display=\"none\";for(i=0;i<a.length;i++)s=a[i],e.source===s.contentWindow&&(s.removeAttribute(\"style\"),\"height\"===t.message?(1e3<(r=parseInt(t.value,10))?r=1e3:~~r<200&&(r=200),s.height=r):\"link\"===t.message&&(r=new URL(s.getAttribute(\"src\")),n=new URL(t.value),c.test(n.protocol))&&n.host===r.host&&l.activeElement===s&&(d.top.location.href=t.value))}},d.addEventListener(\"message\",d.wp.receiveEmbedMessage,!1),l.addEventListener(\"DOMContentLoaded\",function(){for(var e,t,s=l.querySelectorAll(\"iframe.wp-embedded-content\"),r=0;r<s.length;r++)(t=(e=s[r]).getAttribute(\"data-secret\"))||(t=Math.random().toString(36).substring(2,12),e.src+=\"#?secret=\"+t,e.setAttribute(\"data-secret\",t)),e.contentWindow.postMessage({message:\"ready\",secret:t},\"*\")},!1)))}(window,document);\n\/\/# sourceURL=https:\/\/adf-magazine.com\/wp-includes\/js\/wp-embed.min.js\n\/* ]]> *\/\n<\/script>\n","thumbnail_url":"https:\/\/adf-magazine.com\/wp-content\/uploads\/2016\/03\/FlagProtest.jpg","thumbnail_width":1080,"thumbnail_height":713,"description":"Personnel de l\u2019\u00e9tat-major unifi\u00e9 des \u00c9tats-Unis pour l\u2019Afrique Certains probl\u00e8mes ne sont pas faciles \u00e0 r\u00e9soudre. La d\u00e9cision d\u00e9concertante d\u2019un jeune homme ou d\u2019une jeune femme de quitter la maison pour rejoindre les rangs d\u2019un groupe terroriste comme l\u2019EI, al-Shebab ou Boko Haram, est l\u2019un de ces probl\u00e8mes. Environ 5.600 personnes ont quitt\u00e9 l\u2019Afrique pour"}

Personnel de l’état-major unifié des États-Unis pour l’Afrique Certains problèmes ne sont pas faciles à résoudre. La décision déconcertante d’un jeune homme ou d’une jeune femme de quitter la maison pour rejoindre les rangs d’un groupe terroriste comme l’EI, al-Shebab ou Boko Haram, est l’un de ces problèmes. Environ 5.600 personnes ont quitté l’Afrique pour
