{"version":"1.0","provider_name":"Africa Defense Forum","provider_url":"https:\/\/adf-magazine.com\/fr\/","title":"D\u00e9fendre les gains durement acquis - Africa Defense Forum","type":"rich","width":600,"height":338,"html":"<blockquote class=\"wp-embedded-content\" data-secret=\"RN9Jb4zvHz\"><a href=\"https:\/\/adf-magazine.com\/fr\/2015\/06\/defendre-les-gains-durement-acquis\/\">D\u00e9fendre les gains durement acquis<\/a><\/blockquote><iframe sandbox=\"allow-scripts\" security=\"restricted\" src=\"https:\/\/adf-magazine.com\/fr\/2015\/06\/defendre-les-gains-durement-acquis\/embed\/#?secret=RN9Jb4zvHz\" width=\"600\" height=\"338\" title=\"\u00ab\u00a0D\u00e9fendre les gains durement acquis\u00a0\u00bb &#8212; Africa Defense Forum\" data-secret=\"RN9Jb4zvHz\" frameborder=\"0\" marginwidth=\"0\" marginheight=\"0\" scrolling=\"no\" class=\"wp-embedded-content\"><\/iframe><script type=\"text\/javascript\">\n\/* <![CDATA[ *\/\n\/*! This file is auto-generated *\/\n!function(d,l){\"use strict\";l.querySelector&&d.addEventListener&&\"undefined\"!=typeof URL&&(d.wp=d.wp||{},d.wp.receiveEmbedMessage||(d.wp.receiveEmbedMessage=function(e){var t=e.data;if((t||t.secret||t.message||t.value)&&!\/[^a-zA-Z0-9]\/.test(t.secret)){for(var s,r,n,a=l.querySelectorAll('iframe[data-secret=\"'+t.secret+'\"]'),o=l.querySelectorAll('blockquote[data-secret=\"'+t.secret+'\"]'),c=new RegExp(\"^https?:$\",\"i\"),i=0;i<o.length;i++)o[i].style.display=\"none\";for(i=0;i<a.length;i++)s=a[i],e.source===s.contentWindow&&(s.removeAttribute(\"style\"),\"height\"===t.message?(1e3<(r=parseInt(t.value,10))?r=1e3:~~r<200&&(r=200),s.height=r):\"link\"===t.message&&(r=new URL(s.getAttribute(\"src\")),n=new URL(t.value),c.test(n.protocol))&&n.host===r.host&&l.activeElement===s&&(d.top.location.href=t.value))}},d.addEventListener(\"message\",d.wp.receiveEmbedMessage,!1),l.addEventListener(\"DOMContentLoaded\",function(){for(var e,t,s=l.querySelectorAll(\"iframe.wp-embedded-content\"),r=0;r<s.length;r++)(t=(e=s[r]).getAttribute(\"data-secret\"))||(t=Math.random().toString(36).substring(2,12),e.src+=\"#?secret=\"+t,e.setAttribute(\"data-secret\",t)),e.contentWindow.postMessage({message:\"ready\",secret:t},\"*\")},!1)))}(window,document);\n\/\/# sourceURL=https:\/\/adf-magazine.com\/wp-includes\/js\/wp-embed.min.js\n\/* ]]> *\/\n<\/script>\n","thumbnail_url":"https:\/\/adf-magazine.com\/wp-content\/uploads\/2015\/06\/SILAS-4.jpg","thumbnail_width":936,"thumbnail_height":623,"description":"Un entretien avec le commandant de la force de l\u2019AMISOM PHOTOS AMISOM Le lieutenant-g\u00e9n\u00e9ral Silas Ntigurirwa a command\u00e9 la Mission de l\u2019Union africaine en Somalie (AMISOM), forte de 22.000 hommes, de d\u00e9cembre 2013 \u00e0 d\u00e9cembre 2014. Premier Burundais \u00e0 remplir cette fonction, il est arriv\u00e9 en Somalie apr\u00e8s une longue carri\u00e8re militaire, au cours de"}

Défendre les gains durement acquis - Africa Defense Forum

<blockquote class="wp-embedded-content" data-secret="RN9Jb4zvHz"><a href="https://adf-magazine.com/fr/2015/06/defendre-les-gains-durement-acquis/">Défendre les gains durement acquis</a></blockquote><iframe sandbox="allow-scripts" security="restricted" src="https://adf-magazine.com/fr/2015/06/defendre-les-gains-durement-acquis/embed/#?secret=RN9Jb4zvHz" width="600" height="338" title="« Défendre les gains durement acquis » &#8212; Africa Defense Forum" data-secret="RN9Jb4zvHz" frameborder="0" marginwidth="0" marginheight="0" scrolling="no" class="wp-embedded-content"></iframe><script type="text/javascript">
/* <![CDATA[ */
/*! This file is auto-generated */
!function(d,l){"use strict";l.querySelector&&d.addEventListener&&"undefined"!=typeof URL&&(d.wp=d.wp||{},d.wp.receiveEmbedMessage||(d.wp.receiveEmbedMessage=function(e){var t=e.data;if((t||t.secret||t.message||t.value)&&!/[^a-zA-Z0-9]/.test(t.secret)){for(var s,r,n,a=l.querySelectorAll('iframe[data-secret="'+t.secret+'"]'),o=l.querySelectorAll('blockquote[data-secret="'+t.secret+'"]'),c=new RegExp("^https?:$","i"),i=0;i<o.length;i++)o[i].style.display="none";for(i=0;i<a.length;i++)s=a[i],e.source===s.contentWindow&&(s.removeAttribute("style"),"height"===t.message?(1e3<(r=parseInt(t.value,10))?r=1e3:~~r<200&&(r=200),s.height=r):"link"===t.message&&(r=new URL(s.getAttribute("src")),n=new URL(t.value),c.test(n.protocol))&&n.host===r.host&&l.activeElement===s&&(d.top.location.href=t.value))}},d.addEventListener("message",d.wp.receiveEmbedMessage,!1),l.addEventListener("DOMContentLoaded",function(){for(var e,t,s=l.querySelectorAll("iframe.wp-embedded-content"),r=0;r<s.length;r++)(t=(e=s[r]).getAttribute("data-secret"))||(t=Math.random().toString(36).substring(2,12),e.src+="#?secret="+t,e.setAttribute("data-secret",t)),e.contentWindow.postMessage({message:"ready",secret:t},"*")},!1)))}(window,document);
//# sourceURL=https://adf-magazine.com/wp-includes/js/wp-embed.min.js
/* ]]> */
</script>

Un entretien avec le commandant de la force de l’AMISOM PHOTOS AMISOM Le lieutenant-général Silas Ntigurirwa a commandé la Mission de l’Union africaine en Somalie (AMISOM), forte de 22.000 hommes, de décembre 2013 à décembre 2014. Premier Burundais à remplir cette fonction, il est arrivé en Somalie après une longue carrière militaire, au cours de
