{"version":"1.0","provider_name":"Africa Defense Forum","provider_url":"https:\/\/adf-magazine.com\/fr\/","title":"La r\u00e9ponse de l\u2019Afrique \u00e0 l\u2019\u00e9pid\u00e9mie d\u2019EBOLA - Africa Defense Forum","type":"rich","width":600,"height":338,"html":"<blockquote class=\"wp-embedded-content\" data-secret=\"6wGcCdDXTt\"><a href=\"https:\/\/adf-magazine.com\/fr\/2015\/04\/la-reponse-de-lafrique-a-lepidemie-debola\/\">La r\u00e9ponse de l\u2019Afrique \u00e0 l\u2019\u00e9pid\u00e9mie d\u2019EBOLA<\/a><\/blockquote><iframe sandbox=\"allow-scripts\" security=\"restricted\" src=\"https:\/\/adf-magazine.com\/fr\/2015\/04\/la-reponse-de-lafrique-a-lepidemie-debola\/embed\/#?secret=6wGcCdDXTt\" width=\"600\" height=\"338\" title=\"\u00ab\u00a0La r\u00e9ponse de l\u2019Afrique \u00e0 l\u2019\u00e9pid\u00e9mie d\u2019EBOLA\u00a0\u00bb &#8212; Africa Defense Forum\" data-secret=\"6wGcCdDXTt\" frameborder=\"0\" marginwidth=\"0\" marginheight=\"0\" scrolling=\"no\" class=\"wp-embedded-content\"><\/iframe><script type=\"text\/javascript\">\n\/* <![CDATA[ *\/\n\/*! This file is auto-generated *\/\n!function(d,l){\"use strict\";l.querySelector&&d.addEventListener&&\"undefined\"!=typeof URL&&(d.wp=d.wp||{},d.wp.receiveEmbedMessage||(d.wp.receiveEmbedMessage=function(e){var t=e.data;if((t||t.secret||t.message||t.value)&&!\/[^a-zA-Z0-9]\/.test(t.secret)){for(var s,r,n,a=l.querySelectorAll('iframe[data-secret=\"'+t.secret+'\"]'),o=l.querySelectorAll('blockquote[data-secret=\"'+t.secret+'\"]'),c=new RegExp(\"^https?:$\",\"i\"),i=0;i<o.length;i++)o[i].style.display=\"none\";for(i=0;i<a.length;i++)s=a[i],e.source===s.contentWindow&&(s.removeAttribute(\"style\"),\"height\"===t.message?(1e3<(r=parseInt(t.value,10))?r=1e3:~~r<200&&(r=200),s.height=r):\"link\"===t.message&&(r=new URL(s.getAttribute(\"src\")),n=new URL(t.value),c.test(n.protocol))&&n.host===r.host&&l.activeElement===s&&(d.top.location.href=t.value))}},d.addEventListener(\"message\",d.wp.receiveEmbedMessage,!1),l.addEventListener(\"DOMContentLoaded\",function(){for(var e,t,s=l.querySelectorAll(\"iframe.wp-embedded-content\"),r=0;r<s.length;r++)(t=(e=s[r]).getAttribute(\"data-secret\"))||(t=Math.random().toString(36).substring(2,12),e.src+=\"#?secret=\"+t,e.setAttribute(\"data-secret\",t)),e.contentWindow.postMessage({message:\"ready\",secret:t},\"*\")},!1)))}(window,document);\n\/\/# sourceURL=https:\/\/adf-magazine.com\/wp-includes\/js\/wp-embed.min.js\n\/* ]]> *\/\n<\/script>\n","thumbnail_url":"https:\/\/adf-magazine.com\/wp-content\/uploads\/2015\/04\/AP886789233869.jpg","thumbnail_width":936,"thumbnail_height":609,"description":"UN G\u00c9N\u00c9RAL OUGANDAIS \u00c0 LA T\u00caTE DE LA MISSION DE L\u2019UNION AFRICAINE POUR LUTTER CONTRE LE VIRUS MORTEL Le g\u00e9n\u00e9ral ougandais Julius Oketta s\u2019est entretenu avec ADF, le 1er octobre 2014, sur le Mission de soutien de l\u2019Union africaine contre l\u2019\u00e9pid\u00e9mie d\u2019Ebola en Afrique de l\u2019Ouest (ASEOWA), dont il est le chef de mission. Il"}

La réponse de l’Afrique à l’épidémie d’EBOLA - Africa Defense Forum

<blockquote class="wp-embedded-content" data-secret="6wGcCdDXTt"><a href="https://adf-magazine.com/fr/2015/04/la-reponse-de-lafrique-a-lepidemie-debola/">La réponse de l’Afrique à l’épidémie d’EBOLA</a></blockquote><iframe sandbox="allow-scripts" security="restricted" src="https://adf-magazine.com/fr/2015/04/la-reponse-de-lafrique-a-lepidemie-debola/embed/#?secret=6wGcCdDXTt" width="600" height="338" title="« La réponse de l’Afrique à l’épidémie d’EBOLA » &#8212; Africa Defense Forum" data-secret="6wGcCdDXTt" frameborder="0" marginwidth="0" marginheight="0" scrolling="no" class="wp-embedded-content"></iframe><script type="text/javascript">
/* <![CDATA[ */
/*! This file is auto-generated */
!function(d,l){"use strict";l.querySelector&&d.addEventListener&&"undefined"!=typeof URL&&(d.wp=d.wp||{},d.wp.receiveEmbedMessage||(d.wp.receiveEmbedMessage=function(e){var t=e.data;if((t||t.secret||t.message||t.value)&&!/[^a-zA-Z0-9]/.test(t.secret)){for(var s,r,n,a=l.querySelectorAll('iframe[data-secret="'+t.secret+'"]'),o=l.querySelectorAll('blockquote[data-secret="'+t.secret+'"]'),c=new RegExp("^https?:$","i"),i=0;i<o.length;i++)o[i].style.display="none";for(i=0;i<a.length;i++)s=a[i],e.source===s.contentWindow&&(s.removeAttribute("style"),"height"===t.message?(1e3<(r=parseInt(t.value,10))?r=1e3:~~r<200&&(r=200),s.height=r):"link"===t.message&&(r=new URL(s.getAttribute("src")),n=new URL(t.value),c.test(n.protocol))&&n.host===r.host&&l.activeElement===s&&(d.top.location.href=t.value))}},d.addEventListener("message",d.wp.receiveEmbedMessage,!1),l.addEventListener("DOMContentLoaded",function(){for(var e,t,s=l.querySelectorAll("iframe.wp-embedded-content"),r=0;r<s.length;r++)(t=(e=s[r]).getAttribute("data-secret"))||(t=Math.random().toString(36).substring(2,12),e.src+="#?secret="+t,e.setAttribute("data-secret",t)),e.contentWindow.postMessage({message:"ready",secret:t},"*")},!1)))}(window,document);
//# sourceURL=https://adf-magazine.com/wp-includes/js/wp-embed.min.js
/* ]]> */
</script>

UN GÉNÉRAL OUGANDAIS À LA TÊTE DE LA MISSION DE L’UNION AFRICAINE POUR LUTTER CONTRE LE VIRUS MORTEL Le général ougandais Julius Oketta s’est entretenu avec ADF, le 1er octobre 2014, sur le Mission de soutien de l’Union africaine contre l’épidémie d’Ebola en Afrique de l’Ouest (ASEOWA), dont il est le chef de mission. Il
